et g(r) = -5*s(r) + 4*v(r). Determine g(5).
39
Let p(g) = 6 + g**2 - 968*g + 1935*g - 958*g. Calculate p(-9).
6
Let h(t) be the second derivative of t**5/20 - t**4/3 - 5*t**3/3 + 4*t**2 - 5*t + 18. Let r be (-1)/(-1) + 4 - -1. Determine h(r).
20
Let i(r) = -15*r**3 + 2*r**2 - 2*r + 1. Suppose 5*q - 5*d + 1 = -4, -3*q + 5*d - 5 = 0. Suppose 2*g + q + 2 = 0. Let z be g - (2 + -4 - 0). What is i(z)?
-14
Let y(o) = -2*o - 1. Let c(p) = p. Let r(v) = -3*c(v) - y(v). Let x be r(-3). Suppose -x*n - 28 = -4. Let g(d) = -d**3 - 7*d**2 - 7*d - 3. Calculate g(n).
3
Let r(i) = -i. Let z(b) = b**3 - 4*b**2 - 6*b + 5. Let p be z(5). Suppose p = 2*u - 7 - 9. Let q = u - 8. Give r(q).
0
Let g = 6 + -4. Let v be g/2 - (-6)/2. Let b(u) = -3*u**3 - 13*u**2 - 13*u + 20. Let h(j) = 5*j**3 + 20*j**2 + 20*j - 31. Let s(p) = 8*b(p) + 5*h(p). Give s(v).
-11
Let x(a) = 3*a - 5. Let l(n) = n - 6. Let b be l(14). Suppose 13*p = 15*p + b. Give x(p).
-17
Let r(m) = m**3 - 7*m + 0*m**2 - 4*m**2 + 127 + 2*m**2 - 122. Determine r(4).
9
Let z(q) = -q**2 - 5*q + 1. Let m = 12 + -3. Let d be (-3)/(-2)*(0 + (-30)/m). Determine z(d).
1
Let x be ((-1)/(-10))/((-52)/(-520)). Let c(g) = g + 1. Calculate c(x).
2
Let s(m) = -m**3 - 17*m**2 - 18*m - 14. Let y = -57 + 41. Let d be s(y). Let v be -2 - 2*d/(-4). Let u(r) = -r**3 + 8*r**2 - 7*r - 5. Determine u(v).
-5
Let i(v) = -2*v + 2. Suppose 0 = 4*q + 28 - 36. Let k(n) = n**2 + n - 1. Let s(l) = -l - 2. Let b(y) = q*s(y) - 2*k(y). Let g be b(-2). Calculate i(g).
6
Let w be (-28)/3*(-9)/6. Let m(i) = -5 - w - i + 3. Give m(-7).
-9
Let k(o) = -3*o. Let n be (12/10)/((-2)/5). Let l be (8 - 11)*5/n. Let x = l - 0. Calculate k(x).
-15
Let g be (-6)/(-27) + (-76)/18. Let b(r) = -43 + 48 - 435*r - r**2 + 432*r. What is b(g)?
1
Let p be ((-1)/(4/5))/(2/(-8)). Let l(w) = -w**3 + 5*w**2 + 6*w - 10. Calculate l(p).
20
Let o(t) = -3*t + 3. Let h(x) = x**3 - 7*x**2 - 2*x + 12. Let q be h(7). Let y = q - -4. Determine o(y).
-3
Let z be (-1 - -15)/(-4 + 2). Let i = -5 - z. Suppose 5*u - i*l = -14, 0 = -2*u + 5*l - 1 - 13. Let q(c) = 3*c**2 + 4*c + 3. Calculate q(u).
7
Let f(j) = j**2 + 5*j + 7. Let w be 1928/32 + (-6)/(-8). Let i(m) = -4 + 4 + 62*m - w*m. Let c(h) = f(h) + 4*i(h). Determine c(-6).
-11
Let u = 1 - 0. Let i be 5/(-2)*2*u. Let w(t) = 3 - 1 - 102966*t**2 + 6*t + 4 + 102967*t**2. What is w(i)?
1
Let j be 18 - (-1 - (-6 - -2)). Let f = 8 - j. Let w(b) = -b**3 - 7*b**2 + b + 6. Give w(f).
-1
Let s(n) be the second derivative of -n**5/20 - n**4/2 + 5*n**3/6 - 99*n. What is s(-7)?
14
Let f(o) = 3*o**3 - 13*o + 12*o - o**2 - 2*o**3. Let n(h) = -4*h**3 + 12*h**2 + 5*h + 5. Let l(k) = 5*f(k) + n(k). What is l(-7)?
5
Let g(n) be the first derivative of -n**3/3 + n**2/2 + 2*n + 628. Determine g(-1).
0
Let m(u) = -u**2 + 2*u + 2. Suppose -4*n + 13 = -7. Suppose -3*y = 3*q - 18, n*q + 2*y = 3 + 24. Determine m(q).
-13
Suppose -7 = 5*z + 2*p, -4*p - 14 = 5*z - 15. Let k(v) = 14*v - 2. Calculate k(z).
-44
Suppose -4*t + 3*c = 3, t = 2*t + 2*c - 13. Let x(o) = -6 - 4*o**2 - 2*o**t + 4*o + 5 + 2*o**3 - o**3. Calculate x(-4).
-17
Let o(z) = z**2 + 2*z - 6. Suppose 4*c + 25 + 23 = 0. Let a = 16 + c. Calculate o(a).
18
Suppose 4*c - 32 = 16. Suppose -z - 2*z - c = -3*h, -4*h = -2*z - 14. Suppose -5*y + 12 = -5*g + g, 0 = -h*y. Let r(u) = u + 3. Calculate r(g).
0
Suppose -3*v - 2*x + 25 = 0, -16 + 1 = -3*x. Let l(f) = f**3 - 4*f**2 - 7*f + 10. Let w be l(v). Let u(c) = -c**3 - c**2 + c + 4. Calculate u(w).
4
Let l(h) be the third derivative of h**5/60 + 7*h**4/24 + h**3/3 + 35*h**2 - 2*h. Let x = 10 - 14. Determine l(x).
-10
Let t(k) = -2*k**2 - 6*k - 7. Let s(p) = 5*p**2 + 13*p + 14. Let q(d) = 6*s(d) + 14*t(d). Calculate q(6).
22
Let l(y) = -y + 2 + 2 - 3. Determine l(2).
-1
Let r(u) be the second derivative of u**3/6 + 11*u**2/2 + 113*u + 2. What is r(-16)?
-5
Let x(a) = -a**3 - 16*a**2 - 12*a + 52. Let i be x(-15). Let q(v) = -v**3 + 7*v**2 - 4. Determine q(i).
-4
Let z(k) = 17*k - 8*k + 6 - 8*k. Suppose 3*w + 5*s = 7, 2*w + 0*s + 7 = -s. Calculate z(w).
0
Let y(t) = -4*t**2 - 3*t. Let j = -1659 + 1656. Calculate y(j).
-27
Let r be 2 - 7/1 - -2. Suppose -4*b - 1 = -1. Let f(n) = b*n - 2*n + 5*n + 2 + n**2 - 2*n. Calculate f(r).
8
Let y(q) = 7*q**2 + 19*q - 53. Let v(i) = -4*i**2 - 10*i + 32. Let a(r) = -5*v(r) - 3*y(r). Let l be (-1*6)/((-6)/(-8)). Give a(l).
-9
Let i(r) = -r**2 + 6*r + 5. Suppose -19 + 57 = w + 5*q, 2*w = -2*q + 68. Let g be 40/6 - (-11)/w. Let z be i(g). Let l(a) = -6*a - 2. Determine l(z).
10
Let y(g) be the third derivative of g**4/12 + 2*g**3/3 + 16*g**2 - 2*g. What is y(-9)?
-14
Let a(d) = d**3 + 5*d**2 - 8*d - 2. Let h be a(-6). Let o(f) = 5 - 7*f + h*f - 2*f. Let b be o(-7). Let z(q) = q**3 + q**2 - q + 2. What is z(b)?
0
Suppose -260 = 23*p - 76. Let t(v) = v**2 + 7*v - 10. What is t(p)?
-2
Let c(n) = -n**3 + 7*n**2 + 8*n - 6. Let o be (52/(-6))/((-10)/(-105)). Let m = -83 - o. Calculate c(m).
-6
Let w(y) = 14*y**2 + 27*y - 16. Let r(d) = 8*d**2 + 14*d - 8. Let q(n) = 5*r(n) - 3*w(n). Determine q(-8).
-32
Let h = -17 + 21. Suppose -r - 2 + h = 0. Let n(z) = 23*z**2 - 2*z + 0*z - 29*z**2 + z**3 + r. Determine n(6).
-10
Let m(o) = -3*o**3 + o - 2. Let v be m(-2). Suppose 3*g + 6*l + 20 = l, 2*g = 5*l + v. Let b = g - -6. Let d(j) = 2*j - 5. Determine d(b).
7
Let r(v) be the second derivative of v**3/6 + 2*v. Let h be r(4). Let l(g) = 23*g - 41*g - 6 + 9*g + 13*g. Calculate l(h).
10
Let y(g) be the third derivative of -g**6/40 - g**5/60 + g**4/24 + g**3/6 + g**2 + 35*g. Let n = 25 + -26. What is y(n)?
2
Suppose 4*b = 4*z - 12, -z - 14 = -2*b - 3*z. Let d(i) = 13*i**2 + 2*i - 10*i**2 - 5*i**b. What is d(3)?
-12
Let g = -21 + 14. Suppose 0*j - j - 2*b = -9, -5*j + 19 = -3*b. Let z(a) = -8 - j*a**3 + 4*a**3 - 6*a**2 + 0*a**2 + 0*a**2 + 6*a. What is z(g)?
-1
Suppose 46*z - 126 = 43*z. Let o = z + -39. Let s(q) be the first derivative of -q**2/2 - 1. Determine s(o).
-3
Let u(a) = a**3 - 12*a**2 + 8*a + 2. Suppose 0 = 2*j - 4*p - 34, 2*j - p - 25 = -0*j. Determine u(j).
-31
Let r(s) = 3*s**2 - s - 20. Let d(i) = 3*i**2 - i - 21. Let n(q) = -5*d(q) + 4*r(q). Let b(t) be the first derivative of n(t). Determine b(-3).
19
Let y(l) = -l**2 + 4*l + 2. Let i be y(4). Let b(t) = -117*t**2 + 2*t**3 + 57*t**2 - 2*t + 58*t**2. Determine b(i).
4
Let j(t) = -3*t - 5. Let x(d) = -d**2 + 4*d + 3. Let o be x(5). Let f be 2 + o - -3 - 4. Let q = f + -5. What is j(q)?
13
Let a(z) be the first derivative of -2*z**2 + 9*z + 6. Calculate a(6).
-15
Let p(z) = -3*z - 6. Suppose -12*h + 15*h + 15 = 0. Calculate p(h).
9
Let j(q) = -q + 1. Suppose 41*m + 3 = 44*m. Give j(m).
0
Let c = 0 + 3. Suppose -2*o + g + 2 = -c, 2*o - 17 = -3*g. Let t(q) be the second derivative of q**3/6 - 2*q**2 + 133*q. Calculate t(o).
0
Suppose -31 - 23 = -2*k - j, k - 49 = 5*j. Let n(p) = -k*p - 24*p - 5 + 50*p. Determine n(-5).
10
Let w(q) be the second derivative of 1/2*q**3 - 3/2*q**2 + 0 - 5*q - 1/10*q**5 + 1/120*q**6 + 5/24*q**4. Let s(d) be the first derivative of w(d). What is s(4)?
-9
Let s(k) = 3*k**3 + 4*k**2 + 8*k - 8. Let f(p) = p**3 + 2*p**2 + 3*p - 4. Let b(t) = -5*f(t) + 2*s(t). Calculate b(3).
16
Let j(r) = -156*r**3 + 61*r**3 + 97*r**3. Give j(-1).
-2
Let o = -2 - -4. Let h be (-4)/4*o - -9. Let k(c) = -c**2 + 5*c + 6. Calculate k(h).
-8
Let p(o) be the second derivative of -o**6/720 - o**5/30 - 25*o**4/12 + o**3/6 + 49*o. Let s(u) be the third derivative of p(u). Calculate s(-5).
1
Suppose -a + 22 = 4*n, 0 = 15*a - 17*a + 3*n - 11. Let j(m) = 2 + 3 + m - 3. Calculate j(a).
4
Let t be (-8)/4*5/10. Let r(h) = 3*h**2 - 2*h**2 + 2*h**2 + 4*h**3 + 4*h**3. Let n(d) = -32*d**3 - 13*d**2. Let y(b) = 2*n(b) + 9*r(b). What is y(t)?
-7
Suppose -4*j + 36 = -32. Suppose -20*k + j*k = -3. Let l(p) = -2*p**3 - 1 + 0*p + 2*p - 14*p**3. Give l(k).
-15
Let q(f) = 4*f - f + 6*f - 10*f + 18 + 3*f. Give q(-8).
2
Let v(b) = b**3 + b**2 + b. Let u(j) = j**2 + 6*j + 4. Let h be u(-6). Suppose -h*y + 3 - 71 = 0. Let p(d) = -d**2 - 16*d + 17. Let g be p(y). What is v(g)?
0
Let q(d) = 42*d + 1 + 49*d - 93*d. Let c be (8/(-10))/(10/(-25)). Give q(c).
-3
Let d(x) be the third derivative of x**5/120 + x**4/24 - 7*x**3/2 + 24*x**2 + 1. Let h(v) be the first derivative of d(v). Determine h(-6)